NOAA-Style Climate Reports


Report for 2020 September
                   Monthly Climatological Summary for Sep 2020

Name: Old Pump Road Wx   City: Jericho   State: Vermont
Elevation: 646 ft  Lat: N 44° 30' 34"   Lon: W 072° 59' 42"

                  Temperature (°F), Rain (in), Wind Speed (mph)

                                      Heat  Cool        Avg
    Mean                              Deg   Deg         Wind                 Dom
Day Temp  High   Time   Low    Time   Days  Days  Rain  Speed High   Time    Dir
----------------------------------------------------------------------------------
 1  62.0  74.6   2:15p  47.8   2:03a   5.6   2.6  0.00   0.3  10.0   5:34p   SSE
 2  68.5  73.5   3:31p  61.6   7:43a   0.2   3.6  0.00   1.2  12.0   7:00p   SSE
 3  66.1  76.3   2:52p  56.6  10:58p   2.3   3.4  0.00   0.3   6.0  10:07a     W
 4  64.8  73.1   3:16p  56.7  11:59p   1.8   1.6  0.00   1.5  13.0   6:16p   WNW
 5  58.5  71.5   2:18p  45.5   6:13a   7.4   0.9  0.00   0.8  21.0   2:41p   WNW
 6  56.6  71.5   4:52p  45.0   5:49a   9.4   1.0  0.00   0.6  12.0  12:05p   WNW
 7  65.3  75.9   4:16p  46.4   1:14a   5.0   5.2  0.00   2.0  21.0  11:37a    SE
 8  68.2  81.0   1:56p  58.4   5:21a   1.2   4.4  0.00   0.6   7.0   3:10p   WNW
 9  66.1  78.6   1:08p  55.1   5:33a   2.8   4.0  0.00   1.0  10.0   2:11p   WNW
10  64.1  80.3  11:46a  54.9  11:56p   4.0   3.1  0.00   1.1  14.0   4:46p    NW
11  51.6  60.0   4:53p  40.4  11:52p  13.4   0.0  0.00   1.4  11.0   1:26p    NW
12  52.0  70.7   4:35p  33.7   5:19a  13.9   0.9  0.00   0.4   8.0   1:47p   SSW
13  62.5  71.2  12:44p  51.5  12:00a   3.4   0.9  0.00   1.5  21.0   2:51a   SSE
14  54.8  62.2  12:00a  38.6  11:47p  10.2   0.0  0.00   2.2  25.0   9:37a    NW
15  46.2  60.1   5:12p  32.5   5:29a  18.8   0.0  0.00   0.3   8.0   2:28p   WSW
16  59.1  71.9   3:16p  44.3   4:36a   7.2   1.3  0.00   1.6  17.0   7:23p   SSE
17  57.0  61.4   2:14a  44.5  11:52p   8.1   0.0  0.00   0.8  13.0   2:06a    NW
18  44.8  55.8   1:23p  34.0  11:59p  20.2   0.0  0.00   1.4  15.0   2:43p    NW
19  38.9  52.6   2:57p  26.4   5:24a  25.8   0.0  0.00   1.1  12.0   5:20p    NW
20  41.0  55.9   4:49p  28.1   4:48a  24.0   0.0  0.00   0.9  12.0   1:08p    NW
21  42.5  61.7   4:12p  26.3   4:38a  22.5   0.0  0.00   0.3   7.0   2:12p     W
22  44.3  60.5   4:28p  28.7   4:59a  20.7   0.0  0.00   1.0  15.0   3:00p    NW
23  54.1  70.1   4:35p  37.9   3:03a  11.5   0.6  0.00   0.6  12.0   3:26p   WNW
----------------------------------------------------------------------------------
    56.0  81.0     8    26.3    21   239.4  33.5  0.00   1.0  25.0    14     WNW

Max >=  80.0:  2
Max <=  32.0:  0
Min <=  32.0:  4
Min <=   0.0:  0
Max Rain: 0.00 on day 0
Days of Rain: 0 (>= 0.01 in)  0 (>= 0.10 in)  0 (>= 1.00 in)
Heat Base: 65.0  Cool Base: 65.0  Method: Integration