NOAA-Style Climate Reports


Report for 2019 April
                   Monthly Climatological Summary for Apr 2019

Name: Old Pump Road Wx   City: Jericho   State: Vermont
Elevation: 646 ft  Lat: N 44° 30' 34"   Lon: W 072° 59' 42"

                  Temperature (°F), Rain (in), Wind Speed (mph)

                                      Heat  Cool        Avg
    Mean                              Deg   Deg         Wind                 Dom
Day Temp  High   Time   Low    Time   Days  Days  Rain  Speed High   Time    Dir
----------------------------------------------------------------------------------
 1  27.7  35.0   5:37p  22.0   8:06a  37.3   0.0  0.00   3.6  21.0   2:04p   WNW
 2  35.5  48.7   4:11p  18.5   5:34a  29.5   0.0  0.00   1.3  18.0   1:09p     S
 3  39.8  53.6   1:09p  30.6   7:20a  25.2   0.0  0.08   2.7  37.0   3:19p     W
 4  31.0  35.7   2:46p  26.0  10:45p  34.0   0.0  0.00   4.7  27.0  10:53a   WNW
 5  30.7  43.2   4:21p  15.2   6:53a  34.2   0.0  0.00   0.7  11.0   7:12p     S
 6  38.8  47.8   6:03p  30.6  11:56p  26.2   0.0  0.09   0.7  10.0   6:21p   WNW
 7  40.3  52.4   3:35p  28.3   3:46a  24.7   0.0  0.02   0.3   8.0   1:53p    NW
 8  40.1  43.5   6:09a  34.2  11:52p  24.9   0.0  0.27   1.5  19.0  12:04p    SE
 9  34.0  42.0   4:14p  29.0  11:44p  31.0   0.0  0.26   1.0  14.0   8:53p    NW
10  30.5  34.3   6:29p  27.7   5:32a  34.5   0.0  0.00   2.0  14.0  12:38p    NW
11  33.4  46.5   5:32p  22.8   5:21a  31.6   0.0  0.01   1.0  13.0   1:46p    NW
12  45.6  58.0   6:05p  28.5  12:01a  19.3   0.0  0.12   1.3  15.0   1:45p   SSE
13  59.5  69.6   2:55p  50.5  10:54p   6.0   0.5  0.02   2.5  21.0   4:02p     W
14  43.5  52.2  12:00a  29.6   6:16a  21.6   0.0  0.23   0.8  13.0   1:32a   NNW
15  34.0  52.4  10:10a -90.0   5:48a  31.0   0.0  0.37   2.0  21.0   4:10a   WNW
16  38.7  43.4   4:10p  32.3   5:29a  26.3   0.0  0.00   3.9  23.0  12:43p   WNW
17  35.5  59.8   6:46p -90.0   6:23a  29.5   0.0  0.00   0.9  12.0  11:59a    NW
18  47.4  57.4   2:10p  30.6  12:32a  17.6   0.0  0.03   2.2  20.0   1:55p   SSE
19  58.3  70.0  12:12p  42.3   9:57p   7.6   0.9  7.40   2.3  17.0   9:59a     S
20  43.1  49.1   5:45p  40.3   3:55a  21.9   0.0  0.90   0.2   6.0  12:05a   WNW
21  57.3  72.8   3:08p  44.2  12:00a   9.0   1.3  0.73   1.2  13.0   6:59p   WSW
22  56.2  67.2   5:06p  48.4  11:58p   9.1   0.2  0.00   2.3  16.0   4:00p    NW
23  54.9  70.8   5:23p  42.3   6:19a  10.8   0.7  2.01   0.7  11.0   3:02p     W
----------------------------------------------------------------------------------
    41.6  72.8    21   -90.0    15   542.8   3.6 12.54   1.7  37.0     3       W

Max >=  80.0:  0
Max <=  32.0:  0
Min <=  32.0: 15
Min <=   0.0:  2
Max Rain: 7.40 on day 19
Days of Rain: 15 (>= 0.01 in)  9 (>= 0.10 in)  2 (>= 1.00 in)
Heat Base: 65.0  Cool Base: 65.0  Method: Integration