NOAA-Style Climate Reports


Report for 2019 August
                   Monthly Climatological Summary for Aug 2019

Name: Old Pump Road Wx   City: Jericho   State: Vermont
Elevation: 646 ft  Lat: N 44° 30' 34"   Lon: W 072° 59' 42"

                  Temperature (°F), Rain (in), Wind Speed (mph)

                                      Heat  Cool        Avg
    Mean                              Deg   Deg         Wind                 Dom
Day Temp  High   Time   Low    Time   Days  Days  Rain  Speed High   Time    Dir
----------------------------------------------------------------------------------
 1  66.5  78.9   5:47p  53.2  11:59p   3.0   4.5  0.07   0.6  10.0   1:05p    NW
 2  56.2  85.7   5:46p -90.0   5:09a  15.6   6.8  0.01   0.1   6.0   1:28p     E
 3  68.9  85.0   4:47p  51.3   5:14a   3.9   7.8  0.03   0.5  11.0   6:20p    NW
 4  64.4  73.1   4:25p  50.4  11:58p   2.7   2.1  0.27   0.9  12.0   1:03p    NW
 5  63.5  82.7   5:35p  45.5   5:04a   6.6   5.1  0.00   0.2   7.0   1:26p    NW
 6  68.7  86.7   3:08p  51.7   5:36a   3.6   7.3  0.01   0.4  12.0   3:59p    SE
 7  71.5  82.5  11:50a  64.5   2:36a   0.1   6.6  1.39   0.2   7.0   3:08p   NNE
 8  72.0  83.3   3:44p  65.8   4:34a   0.0   7.0  1.02   0.3  12.0   3:46p    SE
 9  67.3  79.0   2:46p  58.4   6:11a   2.0   4.3  0.10   0.8  19.0   5:56p   WNW
10  59.6  67.1   4:14p  51.7  11:57p   5.5   0.1  0.24   0.6  15.0  12:31p   WNW
11  61.8  76.8   7:03p  46.1   5:25a   6.3   3.1  0.26   0.7  15.0   1:36p   WNW
12  68.7  81.6   2:00p  54.1   5:59a   3.0   6.7  0.32   0.2   7.0   2:45p   ESE
13  68.7  79.0   2:52p  55.0  11:57p   1.2   4.9  0.63   0.6  12.0   3:10p   NNW
14  62.9  75.0   3:42p  50.9   6:11a   5.2   3.1  1.92   0.6  12.0   1:21p    NW
15  63.4  80.1   5:42p  47.2   5:40a   5.5   3.9  0.25   0.2   6.0  12:10p    NW
16  68.5  79.5   3:25p  60.2   6:17a   1.2   4.7  0.00   0.3   9.0   1:51p     E
17  71.5  83.9   2:29p  62.4  11:56p   0.3   6.7 18.49   0.3   8.0   2:44p    SE
18  69.3  84.4   4:16p  56.6   4:50a   2.0   6.4  0.00   0.2   6.0   1:12p     N
19  72.4  82.7   4:04p  61.9  11:58p   0.2   7.6  0.00   0.5   9.0   5:54p    NW
20  68.1  83.3   5:40p  54.3   6:28a   3.1   6.2  0.00   0.2   7.0   1:55p     N
21  64.8  75.7   9:42a  55.4   4:44a   3.1   2.9  0.00   0.1   7.0  11:10a    NE
22  67.1  78.9  12:06p  54.1  11:45p   2.2   4.3  0.00   0.6  12.0   1:13p   WNW
23  60.0  70.2   2:34p  50.4  11:06p   6.0   1.1  0.00   0.9  13.0  11:58a    NW
----------------------------------------------------------------------------------
    66.3  86.7     6   -90.0     2    82.3 113.2 25.01   0.4  19.0     9      NW

Max >=  80.0: 12
Max <=  32.0:  0
Min <=  32.0:  1
Min <=   0.0:  1
Max Rain: 18.49 on day 17
Days of Rain: 15 (>= 0.01 in)  11 (>= 0.10 in)  4 (>= 1.00 in)
Heat Base: 65.0  Cool Base: 65.0  Method: Integration