NOAA-Style Climate Reports


Report for 2018 October
                   Monthly Climatological Summary for Oct 2018

Name: Old Pump Road Wx   City: Jericho   State: Vermont
Elevation: 646 ft  Lat: N 44° 30' 34"   Lon: W 072° 59' 42"

                  Temperature (°F), Rain (in), Wind Speed (mph)

                                      Heat  Cool        Avg
    Mean                              Deg   Deg         Wind                 Dom
Day Temp  High   Time   Low    Time   Days  Days  Rain  Speed High   Time    Dir
----------------------------------------------------------------------------------
 1  48.2  51.8   3:17p  46.1   6:58a  16.8   0.0  0.00   0.2   5.0  11:40a   NNW
 2  50.9  54.3   5:42p  46.9  12:00a  14.1   0.0  0.00   0.2   9.0   1:01p     S
 3  51.6  56.5   2:31p  48.8   8:23a  13.4   0.0  0.00   0.5   8.0   5:34a    NW
 4  60.6  70.4   4:11p  49.2  11:59p   5.1   0.7  0.00   1.3  15.0   8:50p     S
 5  44.3  52.9   2:16p  36.7   6:07a  20.7   0.0  0.00   0.7  10.0   2:48p    NW
 6  51.6  62.4   1:27p  36.0   5:24a  13.4   0.0  0.00   0.5  12.0   6:42p   SSE
 7  50.5  61.6  12:26a  45.1  11:24p  14.5   0.0  0.00   1.4   9.0  10:50a    NW
 8  51.4  60.8  11:57p  45.1  12:00a  13.6   0.0  0.00   0.4  16.0   9:23p   SSE
 9  69.4  78.1   3:36p  60.8  12:00a   0.6   5.0  0.00   1.2  14.0   4:11a   SSE
10  69.8  79.6   1:55p  55.7  11:32p   1.1   5.9  0.00   0.7  10.0  11:16a   SSE
11  64.6  69.5  11:27a  55.4  12:35a   2.1   1.7  0.00   0.8  13.0   2:56p     S
12  49.3  60.3  12:00a  40.4  10:19p  15.7   0.0  0.00   2.0  19.0  12:21p    NW
13  41.7  47.5   4:16p  32.8  11:57p  23.3   0.0  0.00   0.6  13.0   4:10p   WNW
14  32.5 164.0   5:38a -90.0   5:39a  32.5   0.1  0.00   0.4  10.0  12:00p     W
15  44.6  57.1   6:56p  33.6   5:53a  20.4   0.0  0.00   1.2  32.0  11:14p   WSW
16  41.4  48.5  12:00a  33.9   9:32p  23.6   0.0  0.00   2.3  25.0  12:36a   WNW
17  42.0  45.6  10:08a  35.9  11:58p  23.0   0.0 32.99   1.6  16.0   7:20p     W
18  33.4  38.7   4:21p  27.0   7:58p  31.6   0.0  0.00   3.3  22.0   2:10a   WNW
19  45.8  57.7   4:09p  32.4   8:06a  19.0   0.0  9.27   1.1  14.0   2:29p   SSE
20  52.2  58.3   2:35p  43.6  11:59p  12.8   0.0  0.00   2.6  21.0   2:06p   WSW
21  35.4  43.6  12:00a  32.9  10:27p  29.6   0.0  0.14   3.8  20.0  11:21a   WNW
----------------------------------------------------------------------------------
    49.1 164.0    14   -90.0    14   346.9  13.4 42.40   1.3  32.0    15       W

Max >=  80.0:  1
Max <=  32.0:  0
Min <=  32.0:  2
Min <=   0.0:  1
Max Rain: 32.99 on day 17
Days of Rain: 3 (>= 0.01 in)  3 (>= 0.10 in)  2 (>= 1.00 in)
Heat Base: 65.0  Cool Base: 65.0  Method: Integration