NOAA-Style Climate Reports


Report for 2020 February
                   Monthly Climatological Summary for Feb 2020

Name: Old Pump Road Wx   City: Jericho   State: Vermont
Elevation: 646 ft  Lat: N 44° 30' 34"   Lon: W 072° 59' 42"

                  Temperature (°F), Rain (in), Wind Speed (mph)

                                      Heat  Cool        Avg
    Mean                              Deg   Deg         Wind                 Dom
Day Temp  High   Time   Low    Time   Days  Days  Rain  Speed High   Time    Dir
----------------------------------------------------------------------------------
 1  27.2  30.4  12:04a  23.6  11:56p  37.8   0.0  0.00   0.1   4.0  10:20a   NNW
 2  26.9  32.5   1:31p  21.7   3:26a  38.1   0.0  0.00   0.1   5.0  11:05a   WSW
 3  30.5  36.2  12:06p  23.9   4:04a  34.5   0.0  0.13   0.2   5.0  12:29p     W
 4  28.0  35.3   3:15p  22.4   2:53a  37.0   0.0  0.01   0.0   4.0  11:19p    NW
 5  22.2  31.1  12:06a  11.1   8:40p  42.7   0.0  0.00   1.3  12.0   9:13a    NW
 6  21.9  30.0   2:32p  14.2  12:00a  42.9   0.0  0.00   0.1  11.0   8:05p     W
 7  22.8  24.4   1:39a  22.5   2:04a  42.2   0.0  0.00   0.6   4.0   1:46a   WNW
 8   9.7  22.7  12:00a -11.1  11:59p  55.3   0.0  0.00   0.4   8.0  12:51p   WNW
 9   8.4  26.8  10:02p -17.2   3:34a  56.6   0.0  0.00   0.0   7.0   8:15p   SSE
10  31.5  35.5   2:29p  25.6  12:46a  33.5   0.0  0.34   0.4  16.0   9:43a    SE
11  28.4  33.9   1:28p  21.3   3:05a  36.6   0.0  0.04   0.1   7.0   6:51p   WNW
12  31.4  36.5   2:07p  27.1   3:19a  33.6   0.0  0.02   1.6  14.0  11:27a     W
13  27.5  34.3   1:05a   8.7  11:58p  37.5   0.0  0.00   0.8  16.0   5:57p    NW
14  -0.6   8.7  12:00a -14.8  11:59p  65.6   0.0  0.00   0.7  11.0   8:41a   NNW
15   5.9  23.8  11:41p -18.7   4:05a  59.0   0.0  0.00   1.0  20.0   9:29p   SSE
16  28.6  36.2   2:45p  22.5   4:14a  36.4   0.0  0.03   1.1  17.0   1:08a   SSE
17  20.1  29.6   2:37a   1.1  11:59p  44.9   0.0  0.00   1.1  12.0   2:33p   SSE
18  21.3  37.2   8:50p   0.4  12:24a  43.7   0.0  0.01   1.4  21.0  12:03p   SSE
19  26.4  36.1  12:42a  12.9  11:01p  38.5   0.0  0.01   3.5  24.0  10:28a   WNW
20   8.8  15.5   1:25p  -4.8  11:59p  56.2   0.0  0.00   0.7  13.0  12:33p    NW
21  11.3  27.2   2:30p -11.6   4:14a  53.7   0.0  0.00   0.7  16.0   9:48p   SSE
----------------------------------------------------------------------------------
    20.9  37.2    18   -18.7    15   926.3   0.0  0.59   0.8  24.0    19       W

Max >=  80.0:  0
Max <=  32.0: 11
Min <=  32.0: 21
Min <=   0.0:  6
Max Rain: 0.34 on day 10
Days of Rain: 8 (>= 0.01 in)  2 (>= 0.10 in)  0 (>= 1.00 in)
Heat Base: 65.0  Cool Base: 65.0  Method: Integration