NOAA-Style Climate Reports


Report for 2018 April
                   Monthly Climatological Summary for Apr 2018

Name: Old Pump Road Wx   City: Jericho   State: Vermont
Elevation: 646 ft  Lat: N 44° 30' 34"   Lon: W 072° 59' 42"

                  Temperature (°F), Rain (in), Wind Speed (mph)

                                      Heat  Cool        Avg
    Mean                              Deg   Deg         Wind                 Dom
Day Temp  High   Time   Low    Time   Days  Days  Rain  Speed High   Time    Dir
----------------------------------------------------------------------------------
 1  37.6  46.6  12:00a  25.7  12:00a  27.6   0.0  0.00   5.6  24.0  10:08a   WNW
 2  30.6  43.2   5:20p  21.5   6:50a  34.4   0.0  0.00   2.9  13.0  12:50p     W
 3  36.2  48.1   1:00p  25.9  12:10a  28.4   0.0  0.00   2.1  12.0   6:16p   SSE
 4  38.6  46.5   5:10p  25.1  11:58p  26.4   0.0  0.00   2.4  28.0   8:30p     W
 5  22.7  29.8   3:00p  16.6  11:24p  42.3   0.0  0.00   4.8  26.0  12:22a   WNW
 6  26.5  36.1  12:54p  13.0   4:24a  38.4   0.0  0.00   1.0  18.0   9:51a   SSE
 7  31.9  36.8  12:33p  26.2  11:59p  33.1   0.0  0.00   2.2  18.0  10:10a   WNW
 8  27.3  32.7   4:00p  18.0   6:49a  37.7   0.0  0.00   1.3  14.0   4:32p   WNW
 9  25.7  34.1   4:00p  18.3   6:37a  39.3   0.0  0.00   2.0  16.0  10:08a    NW
10  29.1  40.2   3:09p  17.1   6:19a  35.9   0.0  0.00   0.7   9.0   4:32p     W
11  34.0  45.5   2:55p  20.0   5:54a  31.0   0.0  0.00   1.0  15.0   1:15p     S
12  40.5  50.3  12:55p  31.6   4:42a  24.5   0.0  0.00   1.2  15.0   2:18p   SSE
13  44.3  49.3   2:43p  39.1   9:14a  20.7   0.0  0.00   0.9  11.0  12:01a   WNW
14  29.5  41.4  12:00a  21.0   6:28p  35.5   0.0  0.00   1.9  16.0   8:36a   NNW
15  28.1  33.3   2:33p  22.0  12:47a  36.9   0.0  0.00   0.6  10.0  11:04p   ESE
16  36.4  44.3   5:31p  29.0   1:07a  28.1   0.0  0.00   4.5  26.0  12:10p   SSE
17  35.9  42.3  12:31a  32.4  11:21p  29.1   0.0  0.00   1.7  17.0   9:54p   WNW
18  36.8  43.9   2:25p  30.5   5:02a  28.2   0.0  0.00   1.3  16.0   2:04p     W
19  35.4  40.1   3:11p  30.8  11:08p  29.5   0.0  0.00   1.9  14.0   1:12p    NW
20  32.5  37.7   6:01p  29.1   5:26a  32.5   0.0  0.00   1.3  14.0   2:10p   WNW
21  39.1  50.6   4:43p  27.1   6:27a  25.8   0.0  0.00   2.0  19.0   4:53p    NW
22  39.2  54.1   4:25p  23.3   6:10a  25.8   0.0  0.00   1.6  16.0  12:18p    NW
----------------------------------------------------------------------------------
    33.5  54.1    22    13.0     6   691.1   0.0  0.00   2.0  28.0     4       W

Max >=  80.0:  0
Max <=  32.0:  1
Min <=  32.0: 20
Min <=   0.0:  0
Max Rain: 0.00 on day 0
Days of Rain: 0 (>= 0.01 in)  0 (>= 0.10 in)  0 (>= 1.00 in)
Heat Base: 65.0  Cool Base: 65.0  Method: Integration