NOAA-Style Climate Reports


Report for 2018 May
                   Monthly Climatological Summary for May 2018

Name: Old Pump Road Wx   City: Jericho   State: Vermont
Elevation: 646 ft  Lat: N 44° 30' 34"   Lon: W 072° 59' 42"

                  Temperature (°F), Rain (in), Wind Speed (mph)

                                      Heat  Cool        Avg
    Mean                              Deg   Deg         Wind                 Dom
Day Temp  High   Time   Low    Time   Days  Days  Rain  Speed High   Time    Dir
----------------------------------------------------------------------------------
 1  51.3  67.4   4:15p  42.0   4:06a  13.7   0.1  0.00   0.4   7.0  11:42a     S
 2  66.0  84.8   2:20p  44.1   2:57a   6.0   7.0 16.92   1.7  19.0   5:54p   WSW
 3  63.1  69.5   4:11p  57.6   6:40a   2.6   0.7 51.89   0.4  11.0  12:47a    NW
 4  61.9  76.0   4:56p  55.2   6:54a   4.7   1.6 22.87   1.5  37.0   7:07p    SW
 5  57.1  71.8   5:09p  44.7   6:19a   9.2   1.3  0.47   2.8  31.0  12:57a   WNW
 6  58.1  67.3   1:24p  48.4   2:22a   7.2   0.3  0.00   1.1  10.0   2:06p    NW
 7  51.9  61.6   5:18p  37.8  11:58p  13.1   0.0  0.00   1.9  13.0  11:37a    NW
 8  54.7  78.3   5:58p  31.1   5:51a  12.9   2.6  0.00   0.7  13.0   1:20p    SW
 9  63.3  82.6   6:08p  38.8   5:16a   7.6   5.9  0.00   0.9  14.0  10:39p     S
10  65.7  74.8  10:39a  53.0   5:59a   1.9   2.6  0.00   2.6  27.0  10:22a     S
11  44.9  60.1  12:00a  33.1  11:59p  20.1   0.0  0.00   3.3  22.0   2:00a    NW
12  47.5  64.9   4:25p  28.5   5:38a  17.5   0.0  0.00   0.9  10.0   1:50p     W
13  55.1  73.5   5:45p  32.1   5:11a  11.6   1.7  0.00   1.1  13.0  11:57p   SSW
14  62.5  78.7   4:21p  43.9   5:48a   6.2   3.7  0.00   1.1  12.0  12:09a     S
15  56.1  63.3   6:47p  43.6  11:58p   8.9   0.0  0.00   0.4   9.0  12:35p    NW
16  56.0  73.0   5:09p  34.8   5:27a  10.9   1.9  0.00   1.3  13.0   3:16p     S
17  59.8  66.8   3:35p  47.1  10:38p   5.3   0.1  0.00   1.5  12.0  12:16a    NW
18  50.9  64.9   6:01p  34.0   5:33a  14.1   0.0  0.00   1.3  14.0   1:11p    NW
19  50.7  64.8  12:35p  36.5   2:54a  14.3   0.0  0.00   0.9  19.0  11:42p   SSE
20  59.2  65.0   4:23p  45.9  11:51p   5.8   0.0  0.00   1.7  15.0  12:32a   WNW
21  58.3  76.1   5:28p  38.4   5:40a   9.6   2.9  0.00   1.2  15.0   3:58p   WNW
22  55.8  67.4  11:33a  47.3   2:23a   9.4   0.2  0.00   0.3  12.0  12:05p   SSE
23  61.3  72.2   4:52p  46.1  11:57p   5.8   2.1  0.00   1.5  21.0   3:55p   WNW
24  55.3  77.0   6:50p  39.9   5:26a  11.2   1.5  0.00   1.6  11.0  11:55a   WNW
25  63.4  80.6  12:07p  46.0   5:20a   5.9   4.3  0.00   0.7  11.0  10:37a   WNW
26  62.9  67.1   9:23a  58.0  11:49p   2.5   0.3  0.00   0.2   9.0   2:31p   NNW
27  59.4  65.9  10:53a  53.0  11:24p   5.6   0.0  0.00   1.4  20.0   9:14a   SSE
28  63.0  74.8   5:06p  51.6   3:41a   4.7   2.7  0.00   0.8  15.0  11:17a   SSW
29  65.7  77.2   5:28p  50.0  11:59p   3.2   3.9  0.00   1.3  14.0   2:15p    NW
30  67.2  86.8   3:50p  42.1   5:33a   6.3   8.4  1.38   0.7  13.0  11:48p   SSE
31  74.2  82.4   2:22p  65.9   4:36a   0.0   9.2  0.00   1.9  16.0  12:16p   SSE
----------------------------------------------------------------------------------
    58.8  86.8    30    28.5    12   257.8  65.0 93.53   1.3  37.0     4       W

Max >=  80.0:  5
Max <=  32.0:  0
Min <=  32.0:  2
Min <=   0.0:  0
Max Rain: 51.89 on day 3
Days of Rain: 5 (>= 0.01 in)  5 (>= 0.10 in)  4 (>= 1.00 in)
Heat Base: 65.0  Cool Base: 65.0  Method: Integration