NOAA-Style Climate Reports


Report for 2018 June
                   Monthly Climatological Summary for Jun 2018

Name: Old Pump Road Wx   City: Jericho   State: Vermont
Elevation: 646 ft  Lat: N 44° 30' 34"   Lon: W 072° 59' 42"

                  Temperature (°F), Rain (in), Wind Speed (mph)

                                      Heat  Cool        Avg
    Mean                              Deg   Deg         Wind                 Dom
Day Temp  High   Time   Low    Time   Days  Days  Rain  Speed High   Time    Dir
----------------------------------------------------------------------------------
 1  74.4  87.0   2:29p  68.1  11:51p   0.0   9.4  1.94   0.7  11.0  12:53a   SSW
 2  64.0  72.9   6:08p  50.8  11:59p   3.0   2.0  0.00   1.8  14.0   3:28a    NW
 3  62.7  78.6   3:49p  41.1   5:33a   6.6   4.3  0.00   1.1  16.0  10:00p   SSE
 4  52.1  58.3  12:00a  45.6   7:02a  12.9   0.0  0.00   0.9  16.0   3:56a   SSE
 5  52.3  57.8   5:06p  45.9  11:59p  12.7   0.0  0.00   0.5  12.0   2:42p   WNW
 6  54.7  64.1   5:10p  45.8  12:02a  10.3   0.0  0.00   0.7  10.0   1:47p    NW
 7  59.4  71.8   5:56p  46.8   1:12a   6.8   1.2  0.00   0.5  10.0   4:10p   SSW
 8  60.9  73.4   5:29p  46.4  11:59p   5.7   1.6  0.00   1.3  14.0  12:06p    NW
 9  58.1  71.7   4:45p  42.3   4:47a   8.7   1.8  0.00   1.5  15.0   4:53p    NW
10  54.6  68.3   3:23p  37.5   5:25a  10.8   0.4  0.00   1.0  11.0   1:13p   NNW
11  55.7  72.0   6:02p  35.9   5:49a  11.0   1.7  0.00   1.1  13.0   3:29p    NW
12  62.7  82.6   4:41p  39.3   5:18a   8.1   5.8  0.00   0.9  14.0  12:51p    SW
13  67.6  83.2   1:14p  54.3   2:46a   2.6   5.2  0.00   0.9  13.0   5:18p     S
14  58.5  65.7  12:00a  53.0  11:56p   6.5   0.0  0.00   0.6   8.0   1:04a   WNW
15  59.0  75.0   5:47p  49.9   5:56a   7.9   1.9  0.00   0.8  10.0   3:47p    NW
16  64.3  81.7   5:53p  47.0   5:07a   6.1   5.4  0.00   0.8  12.0   4:24p    NW
17  69.3  87.6   5:47p  49.4   5:31a   4.3   8.6  0.00   0.4   9.0  11:34a     S
18  73.0  82.9  10:42a  64.5  12:16a   0.0   7.9  0.00   0.6  23.0   2:41p   SSW
19  62.7  72.0   5:42p  50.3  11:57p   3.7   1.4  0.00   2.3  16.0   7:30a    NW
20  64.0  79.9   5:32p  45.4   5:23a   5.9   4.9  0.00   0.5  10.0   4:40p     W
21  61.3  67.1   5:44p  44.7  11:57p   4.0   0.3  0.00   1.9  13.0  10:17a    NW
22  60.9  80.6   5:53p  38.5   5:25a   8.6   4.6  0.01   0.3   7.0  12:03p   SSW
23  61.5  68.9   2:06p  53.3   2:30a   3.9   0.4  0.00   0.4  13.0   4:04p   SSE
24  60.9  68.0   2:02p  56.8   1:09a   4.2   0.1  0.00   0.2   6.0  10:01p    NW
25  59.1  68.5   6:34p  45.0  11:59p   6.4   0.4  0.00   2.2  18.0   3:19p    NW
26  59.6  79.6   6:07p  39.7   5:22a   8.7   3.3  0.00   0.4   9.0  12:30p   WNW
27  63.6  75.5   1:58p  51.6   2:14a   4.4   3.0  0.00   0.7  15.0   1:18p   SSE
28  65.9  73.4   2:45p  60.7   1:35a   1.4   2.4  0.00   0.1   4.0   4:23a     W
29  72.6  84.8   3:13p  59.6   5:32a   0.8   8.5  0.00   0.7  13.0   4:37p   WNW
30  76.9  91.7   5:35p  62.9   5:11a   0.5  12.3  0.47   0.5  15.0  12:51p     S
----------------------------------------------------------------------------------
    62.4  91.7    30    35.9    11   176.5  98.8  2.42   0.9  23.0    18     WNW

Max >=  80.0:  9
Max <=  32.0:  0
Min <=  32.0:  0
Min <=   0.0:  0
Max Rain: 1.94 on day 1
Days of Rain: 3 (>= 0.01 in)  2 (>= 0.10 in)  1 (>= 1.00 in)
Heat Base: 65.0  Cool Base: 65.0  Method: Integration