NOAA-Style Climate Reports


Report for 2018 July
                   Monthly Climatological Summary for Jul 2018

Name: Old Pump Road Wx   City: Jericho   State: Vermont
Elevation: 646 ft  Lat: N 44° 30' 34"   Lon: W 072° 59' 42"

                  Temperature (°F), Rain (in), Wind Speed (mph)

                                      Heat  Cool        Avg
    Mean                              Deg   Deg         Wind                 Dom
Day Temp  High   Time   Low    Time   Days  Days  Rain  Speed High   Time    Dir
----------------------------------------------------------------------------------
 1  82.7  99.2   6:18p  71.9   4:32a   0.0  17.7  0.01   0.3   8.0   1:29p    NW
 2  83.3  94.6   2:36p  72.1   5:21a   0.0  18.3  0.01   0.8  15.0   5:27p   SSE
 3  78.3  88.1   3:40p  64.7  11:56p   0.0  13.3  0.10   0.9  11.0   1:30p    NW
 4  77.6  97.1   6:45p  58.7   5:33a   1.2  13.8  0.62   0.3   8.0   1:38p   WSW
 5  80.6  93.6   2:22p  65.6   5:26a   0.0  15.6  0.17   1.0  15.0   6:44p   SSE
 6  68.6  80.2  12:54a  48.1  11:54p   2.1   5.7  0.06   3.0  24.0   3:02p   WNW
 7  61.8  79.8   6:55p  43.7   4:55a   7.2   4.0  0.05   0.6  12.0   1:45p    NW
 8  68.6  85.0   6:22p  50.1   4:48a   4.3   7.9  0.00   0.4   9.0   3:08p   SSW
 9  72.7  91.3   5:54p  53.6   5:18a   2.7  10.5  0.09   0.5  10.0   3:12p     S
10  70.5  84.2   2:26p  56.8   5:20a   1.8   7.3  3.33   0.9  14.0   3:33p    NW
11  65.4  75.3   6:12p  51.9  11:54p   3.1   3.5  0.00   1.0  13.0   3:35p    NW
12  64.4  80.0   6:17p  46.9   5:15a   6.1   5.5  0.00   0.6  10.0   3:13p    NW
13  68.7  86.4   6:35p  50.1   5:47a   4.1   7.8  0.00   0.3   8.0  12:45p     W
14  69.2  83.8   5:54p  61.9  12:21a   0.6   4.8  0.00   0.1   4.0  12:16p   SSW
15  72.9  85.3   5:20p  60.9   5:08a   0.9   8.8  0.00   3.2  13.0  12:50p   WNW
16  74.6  94.4   5:10p  55.1   5:50a   2.3  11.9  0.11   1.0   6.0   2:10p     S
17  76.4  83.7   2:00p  67.5  10:20p   0.0  11.4  0.00   4.3  12.0   3:20p   SSW
18  63.9  72.2   5:30p  48.9  12:00a   3.1   2.0  0.00   5.6  15.0   3:20p    NW
19  63.7  82.9   5:30p  44.4   5:00a   6.6   5.2  0.00   2.0   9.0  11:20a     W
20  71.5  90.2   5:30p  50.4   5:40a   3.8  10.3  0.00   1.9   7.0   3:00p     S
21  73.2  87.5   6:14p  56.1   6:00a   1.5   9.6  0.00   2.2  16.0  11:39p   SSE
22  69.2  80.8   4:53p  60.9  10:11a   0.8   5.0  0.00   1.0  14.0   2:57p   SSE
23  75.5  82.9  11:20a  70.2   3:42a   0.0  10.5  0.00   0.4  13.0  11:10a   SSE
24  79.6  90.7   4:03p  68.8   5:34a   0.0  14.6  0.00   1.1  18.0   5:27p   SSE
25  76.5  81.9   1:31p  68.9  11:51p   0.0  11.5  0.00   1.0  15.0   1:56p   SSE
26  72.0  84.4   7:10p  63.9  11:50p   0.0   7.0  0.00   0.1   6.0   3:17p     S
27  72.1  85.7   3:54p  61.5   3:11a   0.8   7.8  0.64   0.6  14.0   4:12p   SSE
28  71.4  84.2   5:30p  61.1  11:59p   0.5   6.9  0.00   0.5  16.0   2:13p   WNW
29  66.8  79.9   6:19p  57.3  11:56p   2.4   4.2  0.00   0.8  12.0  12:05p   WNW
30  68.6  83.7   4:38p  52.4   5:39a   3.4   7.0  0.00   0.5   7.0  10:56a     S
31  70.9  87.4   6:26p  60.3   1:39a   1.1   7.0  0.00   0.2   7.0   2:26p   WSW
----------------------------------------------------------------------------------
    72.0  99.2     1    43.7     7    60.4 276.4  5.19   1.2  24.0     6     WSW

Max >=  80.0: 27
Max <=  32.0:  0
Min <=  32.0:  0
Min <=   0.0:  0
Max Rain: 3.33 on day 10
Days of Rain: 11 (>= 0.01 in)  6 (>= 0.10 in)  1 (>= 1.00 in)
Heat Base: 65.0  Cool Base: 65.0  Method: Integration