NOAA-Style Climate Reports


Report for 2018 August
                   Monthly Climatological Summary for Aug 2018

Name: Old Pump Road Wx   City: Jericho   State: Vermont
Elevation: 646 ft  Lat: N 44° 30' 34"   Lon: W 072° 59' 42"

                  Temperature (°F), Rain (in), Wind Speed (mph)

                                      Heat  Cool        Avg
    Mean                              Deg   Deg         Wind                 Dom
Day Temp  High   Time   Low    Time   Days  Days  Rain  Speed High   Time    Dir
----------------------------------------------------------------------------------
 1  71.8  81.8  11:41a  61.0   1:28a   0.8   7.6  0.00   0.4  11.0  12:21p   SSE
 2  74.6  83.9   3:55p  68.4  11:51p   0.0   9.6  0.00   0.6  11.0  12:37p     W
 3  72.1  80.7   1:31p  66.3   5:47a   0.0   7.1  0.00   0.1   7.0   1:26p   WSW
 4  71.0  85.0   1:58p  64.2  11:59p   0.0   6.0  0.00   0.3  15.0   2:30p   WNW
 5  74.0  90.8   5:20p  60.4   6:17a   1.0  10.0  0.00   0.3   7.0  11:30a    SW
 6  78.2  92.3   3:37p  64.2   5:50a   0.0  13.2  0.00   0.5  13.0   3:45p   SSW
 7  73.3  83.6  12:04p  65.6  11:59p   0.0   8.3  0.00   0.3   9.0   1:56p     W
 8  73.6  86.3   3:58p  61.3   5:44a   0.6   9.2  0.00   0.2   6.0   1:42p    SW
 9  74.4  82.9   2:27p  68.6   6:56a   0.0   9.4  0.00   1.4  16.0   2:34p   WNW
10  66.3  76.1   4:48p  53.2  11:57p   2.3   3.5  0.00   1.0  12.0   2:44p    NW
11  65.2  80.9   2:02p  48.1   5:46a   5.3   5.5  0.00   0.3   9.0  11:55a   SSE
12  70.2  82.5   1:58p  60.9   6:17a   0.8   6.0  0.00   0.3   9.0   2:52p    SE
13  72.1  86.3   1:22p  60.4   5:02a   1.0   8.1  0.00   0.2   5.0  11:33a   SSE
14  74.0  85.4   2:53p  66.3  11:54p   0.0   9.0  0.00   0.2   7.0  11:31a     S
15  71.3  83.4   4:49p  62.1   4:47a   0.4   6.7  0.00   0.4  13.0   2:43p    NW
16  68.0  77.2   5:11p  55.6  11:58p   1.1   4.1  0.00   1.0  12.0  12:38p    NW
17  65.6  76.6  11:24a  53.6   5:41a   3.5   4.1  0.00   0.1  11.0  12:34p   SSE
18  64.1  70.6  12:00a  57.7  11:56p   2.0   1.1  0.00   0.9  12.0   2:24a    NW
19  66.1  84.5   4:06p  51.5   6:30a   4.3   5.4  0.00   0.3   6.0   5:18p   WNW
20  67.2  84.9   5:40p  54.1   6:22a   3.7   5.9  0.00   1.6   8.0   2:40p     S
21  66.8  78.9   1:10p  53.3   5:20a   3.5   5.3  0.00   3.1   9.0   1:20p   SSE
22  68.4  74.8   3:23p  62.1  11:41p   0.3   3.6  0.00   3.2  19.0  12:49p     S
23  61.7  74.5   6:30p  47.8   6:30a   5.8   2.5  0.00   0.9  15.0   1:18p   WNW
24  66.3  85.1   5:32p  51.6   6:11a   4.4   5.8  0.00   0.4   9.0  10:49a     S
25  68.2  81.6   3:04p  56.7   4:53a   2.9   6.0  0.00   0.6  13.0   3:07p   SSE
26  68.7  77.9   4:46p  58.9  12:00a   1.2   4.9  0.00   0.5  11.0   9:24a     S
27  71.9  81.5   2:19p  63.2   6:18a   0.2   7.1  0.00   0.2   7.0  11:26a   WNW
28  77.6  89.0   2:30p  68.9  11:57p   0.0  12.5  0.00   0.8  11.0   1:57p   WSW
29  75.6  91.4   3:30p  66.3   6:19a   0.0  10.6  0.00   0.6  19.0   4:59p    SW
30  61.5  71.0  12:04a  48.9  11:48p   4.5   1.0  0.00   1.0  15.0   3:09a    NW
31  60.9  78.5   2:55p  43.2   6:31a   7.7   3.6  0.00   0.2   7.0  12:37p   SSW
----------------------------------------------------------------------------------
    69.7  92.3     6    43.2    31    57.3 202.7  0.00   0.7  19.0    22      SW

Max >=  80.0: 21
Max <=  32.0:  0
Min <=  32.0:  0
Min <=   0.0:  0
Max Rain: 0.00 on day 0
Days of Rain: 0 (>= 0.01 in)  0 (>= 0.10 in)  0 (>= 1.00 in)
Heat Base: 65.0  Cool Base: 65.0  Method: Integration