NOAA-Style Climate Reports


Report for 2018 September
                   Monthly Climatological Summary for Sep 2018

Name: Old Pump Road Wx   City: Jericho   State: Vermont
Elevation: 646 ft  Lat: N 44° 30' 34"   Lon: W 072° 59' 42"

                  Temperature (°F), Rain (in), Wind Speed (mph)

                                      Heat  Cool        Avg
    Mean                              Deg   Deg         Wind                 Dom
Day Temp  High   Time   Low    Time   Days  Days  Rain  Speed High   Time    Dir
----------------------------------------------------------------------------------
 1  69.5  77.2   2:07p  62.7  12:00a   0.3   4.8  0.00   0.8  14.0   3:56p   SSE
 2  71.8  80.0   5:04p  59.6   6:32a   0.6   7.4  0.00   0.7  12.0  12:24a   SSE
 3  78.7  90.1   2:29p  69.2  11:55p   0.0  13.7  0.00   1.0  12.0   5:13p    SW
 4  69.6  78.5   5:09p  58.3  11:53p   0.7   5.2  0.00   0.7  10.0   2:21p    NW
 5  74.7  90.8   4:00p  57.4   4:13a   2.1  11.8  0.00   0.7  14.0  11:44p   SSE
 6  70.8  79.7  12:00a  54.4  11:59p   1.3   7.1  0.00   1.0  11.0   9:07a    NW
 7  58.7  72.1   3:35p  48.2   6:34a   7.8   1.5  0.00   0.4   7.0  12:10p   WNW
 8  51.8  61.3   3:42p  40.0  11:32p  13.2   0.0  0.00   1.1  12.0   1:07p    NW
 9  40.7  63.5   3:23p -90.0   6:24a  24.3   0.0  0.00   0.4   7.0  10:55a   NNW
10  52.3  61.5   2:30p  41.2   3:53a  12.7   0.0  0.00   1.1  17.0  11:35a   SSE
11  63.4  73.2   2:45p  55.8   4:02a   3.4   1.8  0.00   0.5  16.0  12:17a     S
12  66.9  76.4   3:05p  60.3  11:46p   1.4   3.3  0.00   0.1   5.0   3:57p    NW
13  65.0  78.5   1:54p  53.3   6:33a   3.7   3.8  0.00   0.4   7.0   4:46p   WNW
14  65.4  84.4   4:32p  51.6   6:42a   4.9   5.3  0.00   0.2   7.0   2:07p     S
15  67.5  87.1   4:24p  54.0   5:42a   3.5   6.0  0.00   0.2   4.0  10:55a   SSE
16  70.7  84.7   4:01p  60.7   5:43a   0.9   6.6  0.00   0.2   7.0  11:22a    NW
17  71.7  83.5   1:25p  61.5   5:05a   0.7   7.5  0.00   0.7  12.0   2:30p   SSE
18  70.1  81.2   2:45p  59.0  11:55p   0.4   5.5  0.00   0.8  13.0   3:42p    NW
19  56.1  62.0   3:05p  49.7  11:35p   8.9   0.0  0.00   1.3  13.0   1:41p    NW
20  54.9  63.3   2:51p  48.9   2:25a  10.0   0.0  0.00   0.1   5.0  12:25p   WNW
21  61.9  68.3   9:05p  52.7  12:19a   3.8   0.7  0.00   1.7  25.0   8:48p   SSE
22  53.4  65.4  12:34a  37.9  11:57p  11.7   0.0  0.00   2.4  23.0   3:10a    NW
23  47.2  63.1   2:40p  32.4   6:48a  17.8   0.0  0.00   0.4  11.0   4:13p    NW
24  49.3  61.7   1:52p  37.9   7:15a  15.7   0.0  0.00   0.6  12.0   3:05p   SSE
25  52.7  58.5   6:02p  48.2   2:40a  12.3   0.0  0.00   1.4  18.0  12:24p   SSE
26  66.6  73.9   2:38p  57.3  12:31a   1.1   2.7  0.00   1.6  21.0  10:29a   SSE
27  54.5  63.9   1:54p  46.3   5:52a  10.5   0.0  0.00   0.3   6.0   1:01a    NW
28  56.3  66.8   2:07p  49.5  11:44p   8.8   0.2  0.00   0.4   7.0  11:02a     S
29  52.9  62.0   3:08p  43.7  11:58p  12.1   0.0  0.00   0.8  12.0   2:35a   WNW
30  48.4  56.2   3:15p  39.0   6:48a  16.6   0.0  0.00   0.2   6.0   1:27p   WSW
----------------------------------------------------------------------------------
    61.1  90.8     5   -90.0     9   211.2  94.9  0.00   0.7  25.0    21      SW

Max >=  80.0:  8
Max <=  32.0:  0
Min <=  32.0:  1
Min <=   0.0:  1
Max Rain: 0.00 on day 0
Days of Rain: 0 (>= 0.01 in)  0 (>= 0.10 in)  0 (>= 1.00 in)
Heat Base: 65.0  Cool Base: 65.0  Method: Integration