NOAA-Style Climate Reports


Report for 2018 November
                   Monthly Climatological Summary for Nov 2018

Name: Old Pump Road Wx   City: Jericho   State: Vermont
Elevation: 646 ft  Lat: N 44° 30' 34"   Lon: W 072° 59' 42"

                  Temperature (°F), Rain (in), Wind Speed (mph)

                                      Heat  Cool        Avg
    Mean                              Deg   Deg         Wind                 Dom
Day Temp  High   Time   Low    Time   Days  Days  Rain  Speed High   Time    Dir
----------------------------------------------------------------------------------
 1  45.5  50.2  12:00a  42.1   7:40a  19.5   0.0  1.88   0.2   8.0   3:46a     N
 2  44.2  47.5   3:18p  42.7   7:00p  20.8   0.0  0.00   0.2  13.0  10:48a   WNW
 3  40.7  45.0   3:17a  35.9   3:02p  24.3   0.0  0.00   2.1  22.0   7:02p   WNW
 4  34.4  40.2   1:56p  26.7  10:51p  31.9   0.0 20.49   1.3  17.0   1:16a   WNW
 5  38.7  44.4  11:40p  26.7   1:21a  26.3   0.0 50.24   1.0  14.0   3:18p    SE
 6  48.1  52.1   6:03p  41.8   1:04a  16.9   0.0  0.00   0.9  21.0   8:45a   SSE
 7  48.4  51.1   1:44p  41.4  11:08p  16.6   0.0  0.00   1.9  18.0   4:28p     W
 8  41.8  46.3  10:42a  33.3  11:58p  23.2   0.0  0.00   1.3  13.0   7:17a   WNW
 9  35.0  41.5   3:08p  27.3   6:35a  30.0   0.0  2.69   0.8  17.0   8:25p   SSE
10  35.2  39.0   2:14a  29.6  11:46p  29.8   0.0  0.00   2.7  23.0   8:33p     W
11  28.5 164.0   3:10a  20.0  11:43p  36.8   0.3 39.82   2.1  14.0   4:02a   WNW
12  30.4  42.3   1:53p  18.6   2:11a  34.6   0.0 82.81   0.2  13.0  11:32p    SW
13  31.5  37.7  12:00a  20.2  11:59p  33.2   0.0137.35   1.2  20.0   9:44p    NW
14  15.8  20.3  12:00a   8.3  11:59p  49.2   0.0163.74   2.2  15.0  12:11a    NW
15  17.4  26.9  10:49p   7.0   5:04a  47.6   0.0  0.00   0.2  12.0  11:40p   SSE
16  26.8  32.0   1:12p  21.9   6:25a  38.2   0.0  0.00   0.1   6.0  12:05a    NW
17  32.6  39.5  12:18p  26.6  11:54p  32.4   0.0  2.36   0.7  12.0   2:57p   WNW
18  23.8  29.8   1:24p  13.4   8:10a  41.2   0.0 64.58   0.3  11.0   1:12a   WNW
19  31.7  38.9   1:49p  24.7  11:35p  33.3   0.0  9.48   0.2   6.0   3:47a     W
20  25.1  30.6  10:24a  20.1  11:57p  39.9   0.0  0.00   0.1   6.0   7:05p    NW
21  18.5  29.8  11:33a   5.3  11:58p  46.5   0.0  0.00   2.5  23.0   7:55p   WNW
22   6.4  11.1   4:42p   0.4  11:59p  58.3   0.0  0.01   2.9  18.0  12:07p   WNW
23  12.0  25.9  10:59p  -5.7   3:00a  53.0   0.0  0.00   0.3   9.0   1:52p     S
24  28.9  42.0  12:59p  14.2   7:45a  36.1   0.0  0.01   0.4  13.0   2:51p   SSW
25  35.7  40.9  12:09p  32.4   3:07a  29.3   0.0  0.37   0.0   1.0  12:00a   NNE
26  36.9  40.7  12:25p  32.8   4:27a  28.1   0.0  0.04   1.2  19.0   1:24p    SE
27  32.0  35.9  12:09a  30.9   7:17p  32.9   0.0  0.04   0.1   5.0  12:05a   NNW
28  32.0  33.2   9:55a  30.9  12:56a  33.0   0.0  0.00   1.1  12.0   1:24p   WNW
29  31.9  33.1  11:30a  30.3  10:19p  33.1   0.0  0.01   1.3  11.0   1:04p    NW
30  30.4  32.9  11:53a  29.1   9:12p  34.6   0.0  0.00   0.0   2.0  11:23p   NNW
----------------------------------------------------------------------------------
    31.3 164.0    11    -5.7    23  1010.6   0.3575.92   1.0  23.0    10     WNW

Max >=  80.0:  1
Max <=  32.0:  8
Min <=  32.0: 22
Min <=   0.0:  1
Max Rain: 163.74 on day 14
Days of Rain: 17 (>= 0.01 in)  12 (>= 0.10 in)  11 (>= 1.00 in)
Heat Base: 65.0  Cool Base: 65.0  Method: Integration