NOAA-Style Climate Reports


Report for 2018 December
                   Monthly Climatological Summary for Dec 2018

Name: Old Pump Road Wx   City: Jericho   State: Vermont
Elevation: 646 ft  Lat: N 44° 30' 34"   Lon: W 072° 59' 42"

                  Temperature (°F), Rain (in), Wind Speed (mph)

                                      Heat  Cool        Avg
    Mean                              Deg   Deg         Wind                 Dom
Day Temp  High   Time   Low    Time   Days  Days  Rain  Speed High   Time    Dir
----------------------------------------------------------------------------------
 1  30.3  34.4  11:22a  27.8   9:30p  34.7   0.0  0.00   0.1   4.0  12:22p    NW
 2  35.9  41.9  12:10p  28.3  12:00a  29.1   0.0  0.01   1.0  15.0   7:42a    SE
 3  35.4  43.9  10:18a  27.7   8:16p  29.6   0.0  0.39   0.9  14.0   3:59p    NW
 4  20.4  28.8  12:20a  11.3   9:37p  44.6   0.0  0.00   2.0  15.0   1:03p    NW
 5  21.0  28.2  12:54p  11.1   5:28a  44.0   0.0  0.00   0.0   3.0  11:29a     S
 6  26.9  31.1   3:24p  21.7   3:15a  38.1   0.0  0.00   0.3   9.0   7:39p   SSE
 7  20.1  28.8   3:40a   0.4  11:46p  44.9   0.0  0.00   0.6   7.0   3:13a    NW
 8   6.3  17.5   1:04p  -6.4   3:07a  58.7   0.0  0.00   0.1   4.0  10:57a   WSW
 9  20.5  31.3   1:23p   3.6   3:34a  44.5   0.0  0.00   0.6  13.0   6:33p    SW
10  17.1  28.6  12:00a   0.9  11:52p  47.9   0.0  0.00   0.8  14.0   1:51a    NW
11  14.5  28.8   1:39p  -1.7   3:55a  50.4   0.0  0.00   0.1   6.0  11:59a     S
12  13.1  23.2   2:45a  -5.8  11:56p  51.9   0.0  0.00   0.8  11.0   3:18a    NW
13  12.1  28.3   1:20p  -8.3   5:01a  52.9   0.0  0.00   0.1   5.0  12:21p   WSW
14  34.9  41.3  11:38p  23.8  12:44a  30.1   0.0  0.21   1.6  17.0   9:57p   SSE
15  35.9  41.7   1:42a  25.6  11:55p  29.1   0.0 39.38   0.7  10.0  11:23a    NW
16  30.2  40.2  12:53p  22.0   2:51a  34.8   0.0  5.92   0.2  11.0  10:59a   SSE
17  30.3  35.6  10:19a  17.8  11:54p  34.7   0.0  0.00   2.1  24.0   8:37p   WNW
18  17.7  20.1   2:21p  11.5  11:59p  47.3   0.0  0.00   4.0  20.0  12:46a   WNW
19  17.0  29.9   1:47p   5.9   2:42a  48.0   0.0  0.00   0.1   4.0  12:15p     S
20  28.6  44.3   1:56p  15.4   8:10a  36.4   0.0  0.05   0.1   4.0   2:15p   SSW
21  48.2  57.3  11:28p  33.3  12:06a  16.7   0.0  0.84   2.3  28.0   7:18a    SE
22  35.9  56.9  12:02a  22.8  11:54p  29.1   0.0  0.62   3.4  19.0  10:16a   WNW
23  19.8  25.0   1:41p  15.3  10:32p  45.2   0.0  0.00   0.6  14.0  12:16a    NW
24  22.1  26.9  10:58a  17.2  11:58p  42.9   0.0  0.00   0.1   5.0  10:49p   NNW
25  43.9 139.6   2:37a   2.5  11:15p  39.6  18.5  0.00   0.1   5.0  12:51p   NNE
26  16.3  27.7   1:25p   2.4  12:19a  48.6   0.0  0.00   0.4  13.0  10:51p    NW
27  16.6  25.0  11:59p  10.8   8:18a  48.4   0.0  0.00   0.6  11.0   1:32a    NW
28  35.0  44.0   6:53p  25.0  12:00a  30.0   0.0  0.42   0.9  17.0   3:04a   SSE
29  29.6  45.2   3:46a  13.8  11:54p  35.4   0.0  0.07   2.5  18.0  12:20p    NW
30  19.0  26.4  11:57p   9.4   2:48a  46.0   0.0  0.00   0.2   7.0  12:12p     S
31  64.3 164.0   3:01a  25.2   3:00a  23.7  23.0  0.21   0.6  10.0   1:06p   SSE
----------------------------------------------------------------------------------
    26.4 164.0    31    -8.3    13  1237.3  41.5 48.12   0.9  28.0    21     WNW

Max >=  80.0:  2
Max <=  32.0: 17
Min <=  32.0: 30
Min <=   0.0:  4
Max Rain: 39.38 on day 15
Days of Rain: 11 (>= 0.01 in)  8 (>= 0.10 in)  2 (>= 1.00 in)
Heat Base: 65.0  Cool Base: 65.0  Method: Integration