NOAA-Style Climate Reports


Report for 2019
                   Annual Climatological Summary for 2019

Name: Old Pump Road Wx   City: Jericho   State: Vermont
Elevation: 646 ft  Lat: N 44° 30' 34"   Lon: W 072° 59' 42"

                  Temperature (°F), Heat Base: 65.0  Cool Base: 65.0
                          Dep.  Heat  Cool                       Max  Max  Min  Min
        Mean  Mean        From  Deg   Deg                        >=   <=   <=   <=
 YR MO  Max   Min   Mean  Norm  Days  Days  Hi  Date  Low  Date 80.0 32.0 32.0   0.0
------------------------------------------------------------------------------------
 19  1  28.1  -0.2  14.8  -4.2  1555     0 164.0   1 -90.0    1    1   23   31   16
 19  2  32.0   9.1  20.6  -1.4  1246     5 103.4  17  -9.1   27    1   14   27    8
 19  3  38.2  16.0  28.2  -1.8  1137     0  58.4  15  -5.4    8    0    7   29    3
 19  4  52.1  24.5  41.8  -5.2   700     3  72.8  21 -90.0   15    0    0   17    2
 19  5  62.3  41.9  52.2  -3.8   413    16  80.1  19  27.9    9    1    0    1    0
 19  6  75.8  49.4  62.5  -4.5   172    98  87.4  28  37.3    4   10    0    0    0
 19  7  84.3  57.9  70.9  -0.1    58   240  93.7  20  45.5    8   23    0    0    0
 19  8  78.9  48.5  65.2  -3.8   129   135  86.7   6 -90.0    2   13    0    1    1
 19  9  69.3  42.0  57.3  -4.7   268    36  80.3  22 -90.0    2    1    0    2    1
 19 10  58.5  36.5  47.6  -1.4   332     1  69.2  11  26.6    5    0    0    6    0
 19 11
 19 12
------------------------------------------------------------------------------------
        57.9  32.6  46.1  -3.1  6013   537 164.0 Jan -90.0  Jan   50   44  114   31

                                Precipitation (in)

              Dep.   Max        Days of Rain
              From   Obs.           >=
 YR MO Total  Norm   Day Date 0.01 0.10 1.00
---------------------------------------------
 19  1  2.08 -0.62  1.19  24     6    4    1
 19  2 18.34 16.34  8.79  25    12    7    3
 19  3  1.60 -1.28  0.56  31    11    4    0
 19  4 23.12 20.05  7.40  19    21   13    6
 19  5  2.37 -0.84  1.89   3     4    3    1
 19  6850.38846.62 91.52  18    23   22   22
 19  7281.44277.51122.46   2    21    9    4
 19  8 90.27 85.58 52.52  24    22   16    9
 19  9 91.20 86.76 32.09   1     5    5    5
 19 101054.001050.50287.36  19    10   10   10
 19 11
 19 12
---------------------------------------------
     2414.802380.60287.36  Oct  135   93   61

                                Wind Speed (mph)
                          Dom
 YR MO   Avg.  Hi   Date  Dir
------------------------------
 19  1   0.9  24.0    1     W
 19  2   1.7  34.0   24     W
 19  3   1.3  34.0   10     W
 19  4   1.7  37.0    3   WNW
 19  5   1.1  27.0   20   WNW
 19  6   0.7  25.0   13   WNW
 19  7   0.4  21.0   30    NW
 19  8   0.4  19.0    9    NW
 19  9   0.5  22.0   14    NW
 19 10   1.0  20.0   17   WNW
 19 11
 19 12
------------------------------
         1.0  37.0  Apr   WNW