NOAA-Style Climate Reports


Report for 2019 January
                   Monthly Climatological Summary for Jan 2019

Name: Old Pump Road Wx   City: Jericho   State: Vermont
Elevation: 646 ft  Lat: N 44° 30' 34"   Lon: W 072° 59' 42"

                  Temperature (°F), Rain (in), Wind Speed (mph)

                                      Heat  Cool        Avg
    Mean                              Deg   Deg         Wind                 Dom
Day Temp  High   Time   Low    Time   Days  Days  Rain  Speed High   Time    Dir
----------------------------------------------------------------------------------
 1  28.8 164.0   5:37a -90.0   5:38a  36.2   0.1  0.28   3.8  24.0  11:51a   WNW
 2  16.2  22.4   2:22p   8.5   7:44a  48.8   0.0  0.00   0.2  10.0  12:02a    NW
 3  26.5  30.6   2:18p  22.1  12:00a  38.5   0.0  0.00   0.0   5.0   1:04a    SE
 4  31.1  38.7   2:32p  25.1  11:56p  33.8   0.0  0.17   0.7  15.0   1:37p     S
 5  28.5  39.3   1:44p  19.4   7:50a  36.5   0.0  0.04   0.2   7.0   2:28p    NW
 6  25.2  31.8   7:58a  11.6  11:58p  39.8   0.0  0.00   3.3  24.0   6:46p    NW
 7   8.4  19.3  11:45p  -0.5   6:03a  56.6   0.0  0.00   0.2  10.0  12:14a    NW
 8  30.0  36.8   2:07p  19.1  12:00a  35.0   0.0  0.01   1.5  20.0   9:06a   SSE
 9  30.2  32.4   5:34a  26.4  11:58p  34.7   0.0  0.00   1.3  11.0  11:08p    NW
10  19.4  26.4  12:00a   9.5  11:51p  45.7   0.0  0.00   2.0  15.0   9:06a    NW
11   0.7   9.5  12:00a -13.1  11:36p  64.3   0.0  0.00   0.0   0.0  12:00a   ---
12  -1.1  12.8   1:58p -14.0   7:30a  66.1   0.0  0.00   0.0   0.0  12:00a   ---
13  -2.5  13.3   2:21p -14.4   7:36a  67.5   0.0  0.00   0.0   0.0  12:00a   ---
14   0.9  18.3   2:51p -12.9   4:01a  64.1   0.0  0.00   0.0   0.0  12:00a   ---
15  17.2  26.4  11:59p  -1.4  12:40a  47.8   0.0  0.00   0.0   0.0  12:00a   ---
16  23.5  31.1   3:14p   4.5  11:59p  41.5   0.0  0.00   2.0  20.0   4:57p   WNW
17   3.6  14.3   2:43p  -8.9   7:12a  61.4   0.0  0.00   0.1   6.0  12:25a     W
18  21.5  28.1   1:47p   8.3  12:00a  43.5   0.0  0.00   0.7  19.0   2:23p    SW
19   0.9  18.2  12:00a  -6.5  10:20p  64.5   0.0  0.00   0.8  12.0   2:18a   WNW
20  -3.1   2.1  12:40p  -6.1  12:10a  68.1   0.0  0.00   0.2   3.0   3:30a   WNW
21  -5.3  -1.9   8:42p -10.1   7:16a  69.3   0.0  0.00   0.0   0.0  12:00a   ---
22  -0.9  11.3   2:16p -15.1   7:26a  65.9   0.0  0.00   0.0   0.0  12:00a   ---
23  26.7  40.2  11:49p   5.2  12:00a  38.3   0.0  0.39   1.2  20.0  10:18p   SSE
24  38.8  45.1   6:19a  25.5  11:57p  26.2   0.0  1.19   1.3  18.0   2:14a   WSW
25  23.3  30.6  10:46a  16.8  11:52p  41.7   0.0  0.00   1.5  20.0   1:50p   WNW
26  12.1  22.2   2:08p   0.5  11:11p  53.0   0.0  0.00   0.2  10.0  10:31a     S
27  18.6  32.4   3:17p  -1.8   3:34a  46.4   0.0  0.00   1.4  17.0   8:07p   SSW
28   4.7  16.4  12:00a  -5.9   9:54p  60.3   0.0  0.00   0.8  12.0   5:56a   NNW
29  17.2  26.1   1:34p  -3.8  12:00a  47.8   0.0  0.00   1.4  19.0   8:00p   SSE
30  14.9  23.2  12:00a   0.3  11:56p  50.1   0.0  0.00   1.3  19.0   7:34p   WNW
31   3.1   8.9   7:40p  -4.5   6:51a  61.9   0.0  0.00   1.1  17.0   6:25p   SSW
----------------------------------------------------------------------------------
    14.8 164.0     1   -90.0     1  1555.3   0.1  2.08   0.9  24.0     1       W

Max >=  80.0:  1
Max <=  32.0: 23
Min <=  32.0: 31
Min <=   0.0: 16
Max Rain: 1.19 on day 24
Days of Rain: 6 (>= 0.01 in)  4 (>= 0.10 in)  1 (>= 1.00 in)
Heat Base: 65.0  Cool Base: 65.0  Method: Integration