NOAA-Style Climate Reports


Report for 2019 October
                   Monthly Climatological Summary for Oct 2019

Name: Old Pump Road Wx   City: Jericho   State: Vermont
Elevation: 646 ft  Lat: N 44° 30' 34"   Lon: W 072° 59' 42"

                  Temperature (°F), Rain (in), Wind Speed (mph)

                                      Heat  Cool        Avg
    Mean                              Deg   Deg         Wind                 Dom
Day Temp  High   Time   Low    Time   Days  Days  Rain  Speed High   Time    Dir
----------------------------------------------------------------------------------
 1  60.6  67.6   9:52p  54.4   1:53a   4.8   0.4  0.00   0.1   8.0  12:15a   NNW
 2  52.9  67.2  12:46a  36.7  11:59p  12.3   0.2  0.00   1.2   9.0   4:48a    NW
 3  42.3  51.2   3:15p  32.4   3:29a  22.8   0.0  0.00   0.3   5.0  10:06a     E
 4  42.8  46.8   3:10a  31.4  11:58p  22.1   0.0  0.00   4.6  15.0   1:20p   WNW
 5  38.4  54.0   3:57p  26.6   5:10a  26.6   0.0 36.47   0.3   8.0   1:52p    NW
 6  50.9  62.0  11:57p  30.9   1:28a  14.1   0.0  0.00   1.2  15.0   4:57a    SE
 7  56.6  62.1  12:19a  52.1  11:32p   8.4   0.0  0.00   0.2  12.0   6:33a    NE
 8  49.3  59.3   3:50p  37.2  11:46p  15.5   0.0  0.00   0.9   8.0  12:48p   WNW
 9  44.1  59.5   2:37p  31.5   7:06a  20.9   0.0  0.00   0.2   5.0   1:49p   WNW
10  48.6  63.8   2:05p  37.8   7:30a  16.4   0.0 27.23   0.4  12.0   3:08p   WNW
11  49.3  69.2   1:44p  33.3   7:19a  16.1   0.4124.49   0.2   6.0  11:53a     N
12  53.8  66.4   4:08p  43.2   5:07a  11.3   0.1  0.00   0.3  10.0  11:55p   WNW
13  50.2  60.2   3:38p  36.2  11:38p  14.8   0.0  6.24   0.4  10.0   1:14a   WNW
14  47.2  65.0   2:19p  35.5   1:33a  17.8   0.0117.64   0.7  14.0  11:49a   WSW
15  41.8  55.6   4:34p  31.0   7:25a  23.2   0.0141.81   0.3   8.0  11:42a     W
16  46.9  59.5   2:45p  33.1   4:09a  18.1   0.0 45.96   1.1  18.0  12:42p    SE
17  43.8  48.1  12:54a  40.1   6:44p  21.2   0.0144.18   3.8  20.0   5:59a    NW
18  43.2  44.7   3:00a  40.6  11:58p  21.5   0.0122.63   2.9  18.0   8:59a   WNW
19  40.8  49.1   3:53p  30.4  11:52p  24.2   0.0287.36   0.7   9.0  10:45a    NW
20  39.8  53.3   4:13p  28.9   3:35a  25.2   0.0 15.75   0.0   6.0   6:34p     S
21  44.4  61.3   2:20p  31.5   7:37a  20.7   0.0125.73   1.1   9.0   2:40p   WNW
22  53.5  58.7  11:40a  37.7  12:50a  10.4   0.0226.23  10.2  27.0   2:10p    SE
23  52.6  58.3   3:00p  48.2   8:30a  12.4   0.0240.65   5.2  18.0   8:50p   WNW
24  49.6  59.1  12:33p  35.2   7:00a  15.1   0.0254.36   2.2  16.0   4:08p     S
25  44.5  50.6   2:49p  39.5   6:41a  20.5   0.0188.31   0.1   7.0   1:03a    NW
26  41.9  50.6   2:34p  31.7  11:52p  23.1   0.0236.94   0.3   8.0   1:09p   WNW
27  43.5  47.7   5:07a  31.6  12:00a  21.5   0.0  6.44   1.9  24.0   1:30p    SE
28  51.3  58.4   2:30p  44.7  12:00a  13.7   0.0 16.57   0.2   7.0   8:07p   SSE
29  52.9  57.4   3:24p  47.6   5:05a  12.1   0.0  0.06   1.1  20.0   2:54p   SSE
30  55.0  63.1   1:56p  47.9   2:38a  10.0   0.0  1.51   0.2   7.0   2:22p   SSW
31  60.8  69.9   8:25p  50.6  12:00a   4.7   0.5 50.00   1.1  21.0   9:37p   SSE
----------------------------------------------------------------------------------
    48.2  69.9    31    26.6     5   521.5   1.62416.60   1.4  27.0    22     WSW

Max >=  80.0:  0
Max <=  32.0:  0
Min <=  32.0: 10
Min <=   0.0:  0
Max Rain: 287.36 on day 19
Days of Rain: 22 (>= 0.01 in)  21 (>= 0.10 in)  21 (>= 1.00 in)
Heat Base: 65.0  Cool Base: 65.0  Method: Integration