NOAA-Style Climate Reports


Report for 2019 December
                   Monthly Climatological Summary for Dec 2019

Name: Old Pump Road Wx   City: Jericho   State: Vermont
Elevation: 646 ft  Lat: N 44° 30' 34"   Lon: W 072° 59' 42"

                  Temperature (°F), Rain (in), Wind Speed (mph)

                                      Heat  Cool        Avg
    Mean                              Deg   Deg         Wind                 Dom
Day Temp  High   Time   Low    Time   Days  Days  Rain  Speed High   Time    Dir
----------------------------------------------------------------------------------
 1  14.7  24.2  11:12p   2.9   7:18a  50.3   0.0  0.00   0.0   5.0   6:47p   WNW
 2  26.4  30.1   1:11p  23.3   1:59a  38.6   0.0  0.00   0.3   8.0   9:48p    NW
 3  21.3  28.6   2:46p  13.5  11:35p  43.6   0.0  0.00   1.2  14.0   2:31p    NW
 4  26.2  34.7   1:31p  13.9  12:00a  38.8   0.0  0.01   0.0   4.0   1:32p   SSE
 5  28.5  32.6  12:01p  22.3   8:55p  36.5   0.0  0.00   1.0  14.0   9:32p   WNW
 6  24.0  28.1  11:21a  20.9   7:25a  41.0   0.0  0.00   0.7  10.0  12:42a   WNW
 7  17.6  23.6   2:18p   5.5  11:57p  47.4   0.0  0.00   0.1   6.0   1:29p    NW
 8  18.8  34.5  11:59p  -0.4   7:03a  46.2   0.0  0.00   1.5  24.0   6:28p   SSE
 9  41.7  47.7  11:43p  34.4  12:00a  23.3   0.0  0.07   1.6  19.0   1:39a   SSE
10  43.0  50.1   8:58a  24.9  11:59p  22.0   0.0  0.01   2.6  24.0   3:37p   WSW
11  22.4  28.0   3:16p  16.4   7:26a  42.6   0.0  0.00   1.6  25.0  11:35p   WNW
12  20.9  25.3  10:53p  16.3   3:56a  44.1   0.0  0.00   1.1  22.0  12:30a   WNW
13  33.4  40.9  12:14p  25.0  12:00a  31.6   0.0  0.02   1.4  23.0   7:31a   SSE
14  44.6  52.1   7:13p  40.1  12:00a  20.3   0.0  0.25   1.1  16.0   4:31a     S
15  31.8  40.6  12:00a  18.9  11:59p  33.2   0.0  0.00   3.8  27.0   5:01p   WNW
16  17.5  23.5   1:58p  11.7   8:10a  47.5   0.0  0.00   0.6  11.0  12:29a   WNW
17  19.7  25.8   1:35p  12.2   3:04a  45.3   0.0  0.00   0.0   4.0   9:57a    NW
18  21.1  29.5  12:13p   4.9  11:59p  43.9   0.0  0.00   1.1  24.0   5:00p   WNW
19   0.9   8.5   2:00p  -7.8  10:24p  64.1   0.0  0.00   0.8  15.0  12:18p   WNW
20   3.1  13.1   1:01p  -7.8  12:27a  61.9   0.0  0.00   0.2   6.0   9:28a   NNW
21   7.5  21.4   1:38p  -6.0   3:05a  57.5   0.0  0.00   0.0   2.0   2:01p    NE
22  23.5  38.3   1:38p  11.3   3:07a  41.5   0.0  0.04   0.2   7.0  11:59a   SSW
23  33.9  48.7   1:11p  18.9   3:07a  31.1   0.0  0.16   1.2  16.0  11:21p   WNW
24  26.7  35.3  12:00a  16.6  11:19p  38.3   0.0  0.04   2.6  18.0   1:15a    NW
25  24.8  36.1   2:36p  17.0   3:05a  40.1   0.0  0.00   0.0   3.0  11:58a   SSE
26  25.6  37.6  11:56p  15.9   8:10a  39.4   0.0  0.00   0.1  11.0  11:33p   SSE
27  40.9  43.7   4:00p  37.5  12:00a  24.1   0.0  0.06   1.8  16.0  11:16a    SE
28  36.6  43.5  12:00a  23.6  10:48p  28.4   0.0  0.00   1.3  14.0  11:59a     N
29  28.9  34.5   1:53p  21.2   8:35a  36.1   0.0  0.00   0.1   5.0   1:51a   WNW
30  30.3  33.0  10:24a  27.9   3:05a  30.9   0.0  0.04   2.5  22.0   4:55p    SE
31  32.8  35.5  11:56a  30.3  10:25p  32.2   0.0  0.00   0.8  15.0   1:35a   SSE
----------------------------------------------------------------------------------
    25.5  52.1    14    -7.8    19  1221.8   0.0  0.70   1.0  27.0    15       W

Max >=  80.0:  0
Max <=  32.0: 13
Min <=  32.0: 28
Min <=   0.0:  4
Max Rain: 0.25 on day 14
Days of Rain: 10 (>= 0.01 in)  2 (>= 0.10 in)  0 (>= 1.00 in)
Heat Base: 65.0  Cool Base: 65.0  Method: Integration