NOAA-Style Climate Reports


Report for 2020
                   Annual Climatological Summary for 2020

Name: Old Pump Road Wx   City: Jericho   State: Vermont
Elevation: 646 ft  Lat: N 44° 30' 34"   Lon: W 072° 59' 42"

                  Temperature (°F), Heat Base: 65.0  Cool Base: 65.0
                          Dep.  Heat  Cool                       Max  Max  Min  Min
        Mean  Mean        From  Deg   Deg                        >=   <=   <=   <=
 YR MO  Max   Min   Mean  Norm  Days  Days  Hi  Date  Low  Date 80.0 32.0 32.0   0.0
------------------------------------------------------------------------------------
 20  1  39.9  15.5  25.8   6.8  1249    40 164.0  25  -9.3   21    2   13   29    5
 20  2  32.3   7.9  22.4   0.4  1235     0  53.0  24 -90.0   27    0   13   29    7
 20  3  44.6  24.2  34.4   4.4   945     0  64.0   9   5.1    1    0    3   23    0
 20  4  53.5  13.3  39.0  -8.0   785     5 164.0   8 -90.0    3    1    0   22    4
 20  5  67.0  41.7  54.2  -1.8   407    75  93.4  27  25.5   13    6    0    9    0
 20  6  77.9  51.6  64.7  -2.3   157   149  94.1  22  31.4    1   14    0    1    0
 20  7  86.1  60.3  72.7   1.7    13    98  93.6   9  52.3    6   11    0    0    0
 20  8
 20  9
 20 10
 20 11
 20 12
------------------------------------------------------------------------------------
        57.3  30.6  44.8   0.2  4794   369 164.0 Jan -90.0  Feb   34   29  113   16

                                Precipitation (in)

              Dep.   Max        Days of Rain
              From   Obs.           >=
 YR MO Total  Norm   Day Date 0.01 0.10 1.00
---------------------------------------------
 20  1  2.06 -0.64  0.79  11    12    5    0
 20  2  0.88 -1.12  0.34  10    11    3    0
 20  3161.62158.74 38.79   3    23   19   14
 20  4 13.31 10.24 10.53  29    13    8    1
 20  5815.85812.64137.43  24    30   27   25
 20  6512.30508.54 91.45  17    19   19   18
 20  7 23.20 19.27 21.81   9     2    2    2
 20  8
 20  9
 20 10
 20 11
 20 12
---------------------------------------------
     1529.201507.70137.43  May  110   83   60

                                Wind Speed (mph)
                          Dom
 YR MO   Avg.  Hi   Date  Dir
------------------------------
 20  1   0.5  23.0   10    NW
 20  2   0.7  24.0   19   WSW
 20  3   1.4  27.0   29     W
 20  4   1.7  29.0   30   WNW
 20  5   1.5  28.0    1   WNW
 20  6   0.9  32.0    6   WNW
 20  7   0.7  26.0    8   WSW
 20  8
 20  9
 20 10
 20 11
 20 12
------------------------------
         1.1  32.0  Jun     W