NOAA-Style Climate Reports


Report for 2020 January
                   Monthly Climatological Summary for Jan 2020

Name: Old Pump Road Wx   City: Jericho   State: Vermont
Elevation: 646 ft  Lat: N 44° 30' 34"   Lon: W 072° 59' 42"

                  Temperature (°F), Rain (in), Wind Speed (mph)

                                      Heat  Cool        Avg
    Mean                              Deg   Deg         Wind                 Dom
Day Temp  High   Time   Low    Time   Days  Days  Rain  Speed High   Time    Dir
----------------------------------------------------------------------------------
 1  28.4  30.6  12:32a  28.0   3:01a  36.6   0.0  0.00   0.1   3.0  12:30a   SSE
 2  33.5  39.9   7:58p  28.2  12:00a  31.5   0.0  0.00   0.6  11.0   7:44p     S
 3  38.6  42.0  12:42p  35.7   6:09p  26.4   0.0  0.07   1.3   9.0  12:17a     N
 4  33.5  36.0  12:00a  27.1  11:58p  31.5   0.0  0.02   0.2   5.0  12:31p    NW
 5  22.1  27.2  12:00a  11.3  11:57p  42.9   0.0  0.00   0.8  11.0   9:05a    NW
 6  19.2  30.1   2:31p   7.0   2:30a  45.8   0.0  0.00   0.1  10.0   5:59p   SSW
 7  27.3  32.6   1:03p  24.4   2:11a  37.7   0.0  0.00   0.1  12.0   1:36a   SSW
 8  24.9  34.2  11:49a  12.2  11:58p  40.1   0.0  0.00   0.8  16.0   5:35p   WNW
 9  11.1  17.1  11:51p   4.3   9:01a  53.9   0.0  0.00   0.7  11.0  12:39a   NNW
10  33.5  40.9  10:57p  17.1  12:00a  25.1   0.0  0.10   1.2  23.0   1:54a   SSE
11  45.8  57.8   1:36p  34.1  11:59p  19.2   0.0  0.79   1.2  23.0   2:23p   SSE
12  26.9  34.2  12:00a  17.3  10:09p  38.1   0.0  0.01   0.9  12.0   1:18p   NNW
13  24.1  30.6   3:20p  17.1   2:09a  40.9   0.0  0.00   0.0   6.0   4:37p   SSW
14  26.8  33.6  11:58p  22.7   8:42a  38.2   0.0  0.00   0.1   5.0  11:25p   WSW
15  32.6  35.0   1:25a  29.8  11:48p  32.4   0.0  0.01   0.1  10.0   1:54a   WSW
16  25.3  30.4   1:39a  14.0   9:15p  39.7   0.0  0.00   1.2  16.0   8:13p    NW
17   4.5  14.4  12:00a  -9.0  10:11p  60.5   0.0  0.00   2.5  12.0   9:41a    NW
18   5.4  18.5  11:53p  -7.4   2:58a  59.6   0.0  0.00   0.5  12.0   7:23p    SE
19  15.4  21.3   1:53a   8.5  11:53p  49.6   0.0  0.00   0.0   8.0  12:03a    SE
20   7.6  15.6   1:31p  -4.2  11:55p  57.4   0.0  0.00   0.0   0.0  12:00a   ---
21   6.0  18.6   1:26p  -9.3   3:26a  59.0   0.0  0.00   0.0   0.0  12:00a   ---
22  23.7  34.0   2:26p  15.1  12:00a  41.3   0.0  0.07   0.1  11.0  12:48p   SSE
23  24.1  38.2   2:09p  12.8   8:10a  40.9   0.0  0.05   0.1   5.0   2:02p   SSE
24  27.7  40.6   2:41p  19.1   3:30a  37.3   0.0  0.17   0.0   3.0   1:46p   WNW
25  60.2 164.0   3:36a  31.9   1:49a  23.6  18.8  0.54   1.3  20.0   1:52p   ESE
26  33.3  36.8   2:35p  30.6   2:29a  31.7   0.0  0.09   0.1   6.0   5:19p   SSE
27  32.7  34.9  10:56a  30.2  11:38p  32.3   0.0  0.14   0.4   9.0   7:36p   WNW
28  57.4 164.0   2:54a  24.3  11:58p  29.6  22.0  0.00   1.0   8.0  12:30a    NW
29  16.2  24.4  12:00a   2.1  11:51p  48.8   0.0  0.00   1.0  11.0   2:49p   NNW
30  11.2  25.3   2:46p  -1.6   3:45a  53.8   0.0  0.00   0.1   4.0  12:45p     S
31  21.3  34.1   2:31p   6.0   4:01a  43.7   0.0  0.00   0.1   5.0   1:10p     S
----------------------------------------------------------------------------------
    25.8 164.0    25    -9.3    21  1249.1  40.8  2.06   0.5  23.0    10      NW

Max >=  80.0:  2
Max <=  32.0: 13
Min <=  32.0: 29
Min <=   0.0:  5
Max Rain: 0.79 on day 11
Days of Rain: 12 (>= 0.01 in)  5 (>= 0.10 in)  0 (>= 1.00 in)
Heat Base: 65.0  Cool Base: 65.0  Method: Integration